{"id":20,"date":"2019-11-06T16:48:38","date_gmt":"2019-11-06T15:48:38","guid":{"rendered":"http:\/\/edeum.de\/?page_id=20"},"modified":"2021-11-05T16:12:53","modified_gmt":"2021-11-05T15:12:53","slug":"impressum","status":"publish","type":"page","link":"https:\/\/edeum.de\/?page_id=20","title":{"rendered":"Impressum"},"content":{"rendered":"\n<p><strong>Postanschrift<\/strong><br>EDEUM Notebooks &amp; Computer<br>Inh. Marc Hoffmann \/ Einzelfirma<br>Beerwinkel 37 13589 Berlin<br><br><strong>Ladengesch\u00e4ft<\/strong><br>Laubacher Str. 10<br>14197 Berlin<br><br><strong>\u00d6ffnungszeiten<\/strong><br>Mo &amp; Fr 14 bis 19 Uhr<br><br><strong>Erreichbarkeiten<\/strong><br>Telefon: 0179 \/ 44 06 44 7<br>E-Mail: <a href=\"mailto:information@edeum.de\">information@edeum.de<\/a><br>Web: <a href=\"http:\/\/www.edeum.de\">www.edeum.de<\/a><br><br>Steuernummer: 19 \/ 350 \/ 00303 <br><br>Die Europ\u00e4ische Kommission stellt eine Plattform zur Online-Streitbeilegung (OS) bereit, die Sie hier finden <a href=\"https:\/\/ec.europa.eu\/consumers\/odr\/\">https:\/\/ec.europa.eu\/consumers\/odr\/<\/a>. Verbraucher haben die M\u00f6glichkeit, diese Plattform f\u00fcr die Beilegung ihrer Streitigkeiten zu nutzen. Zur Beilegung von Streitigkeiten aus einem Vertragsverh\u00e4ltnis mit einem Verbraucher bzw. dar\u00fcber, ob ein solches Vertragsverh\u00e4ltnis \u00fcberhaupt besteht, sind wir zur Teilnahme an Streitbeilegungsverfahren vor einer Verbraucherschlichtungsstelle verpflichtet. Zust\u00e4ndig ist die Allgemeine Verbraucherschlichtungsstelle des Zentrums f\u00fcr Schlichtung e.V., Stra\u00dfburger Stra\u00dfe 8, 77694 Kehl am Rhein, <a href=\"https:\/\/www.verbraucher-schlichter.de\">www.verbraucher-schlichter.de<\/a>. An einem Streitbeilegungsverfahren vor dieser Stelle werden wir teilnehmen.<\/p>\n","protected":false},"excerpt":{"rendered":"<p>PostanschriftEDEUM Notebooks &amp; ComputerInh. Marc Hoffmann \/ EinzelfirmaBeerwinkel 37 13589 Berlin Ladengesch\u00e4ftLaubacher Str. 1014197 Berlin \u00d6ffnungszeitenMo &amp; Fr 14 bis 19 Uhr ErreichbarkeitenTelefon: 0179 \/&hellip;<\/p>\n","protected":false},"author":1,"featured_media":0,"parent":0,"menu_order":0,"comment_status":"closed","ping_status":"closed","template":"","meta":{"footnotes":""},"_links":{"self":[{"href":"https:\/\/edeum.de\/index.php?rest_route=\/wp\/v2\/pages\/20"}],"collection":[{"href":"https:\/\/edeum.de\/index.php?rest_route=\/wp\/v2\/pages"}],"about":[{"href":"https:\/\/edeum.de\/index.php?rest_route=\/wp\/v2\/types\/page"}],"author":[{"embeddable":true,"href":"https:\/\/edeum.de\/index.php?rest_route=\/wp\/v2\/users\/1"}],"replies":[{"embeddable":true,"href":"https:\/\/edeum.de\/index.php?rest_route=%2Fwp%2Fv2%2Fcomments&post=20"}],"version-history":[{"count":4,"href":"https:\/\/edeum.de\/index.php?rest_route=\/wp\/v2\/pages\/20\/revisions"}],"predecessor-version":[{"id":215,"href":"https:\/\/edeum.de\/index.php?rest_route=\/wp\/v2\/pages\/20\/revisions\/215"}],"wp:attachment":[{"href":"https:\/\/edeum.de\/index.php?rest_route=%2Fwp%2Fv2%2Fmedia&parent=20"}],"curies":[{"name":"wp","href":"https:\/\/api.w.org\/{rel}","templated":true}]}}